{"id":15,"date":"2016-05-14T17:31:53","date_gmt":"2016-05-14T17:31:53","guid":{"rendered":"http:\/\/symposium2017.ca-institute.com\/?page_id=15"},"modified":"2019-06-14T08:02:59","modified_gmt":"2019-06-14T08:02:59","slug":"sponsors","status":"publish","type":"page","link":"https:\/\/symposium.ca-institute.com\/index.php\/sponsors\/","title":{"rendered":"Partners and Sponsors"},"content":{"rendered":"<p>[vc_row][vc_column][vc_column_text]<strong>Hosted and organized by:<\/strong><\/p>\n<p><strong><a href=\"http:\/\/www.ca-institute.com\"><img loading=\"lazy\" decoding=\"async\" class=\"alignnone wp-image-3534 size-thumbnail\" src=\"https:\/\/symposium.ca-institute.com\/wp-content\/uploads\/CA_Institute_logo_round_2017-1-150x150.png\" alt=\"\" width=\"150\" height=\"150\" srcset=\"https:\/\/symposium.ca-institute.com\/wp-content\/uploads\/CA_Institute_logo_round_2017-1-150x150.png 150w, https:\/\/symposium.ca-institute.com\/wp-content\/uploads\/CA_Institute_logo_round_2017-1-300x300.png 300w, https:\/\/symposium.ca-institute.com\/wp-content\/uploads\/CA_Institute_logo_round_2017-1-100x100.png 100w, https:\/\/symposium.ca-institute.com\/wp-content\/uploads\/CA_Institute_logo_round_2017-1-110x110.png 110w, https:\/\/symposium.ca-institute.com\/wp-content\/uploads\/CA_Institute_logo_round_2017-1-211x211.png 211w, https:\/\/symposium.ca-institute.com\/wp-content\/uploads\/CA_Institute_logo_round_2017-1-634x634.png 634w, https:\/\/symposium.ca-institute.com\/wp-content\/uploads\/CA_Institute_logo_round_2017-1.png 647w\" sizes=\"auto, (max-width: 150px) 100vw, 150px\" \/><\/a> <img loading=\"lazy\" decoding=\"async\" class=\"alignnone size-medium wp-image-3995\" src=\"https:\/\/symposium.ca-institute.com\/wp-content\/uploads\/Releaf_logo1-1-282x300.png\" alt=\"\" width=\"282\" height=\"300\"> &nbsp;<img loading=\"lazy\" decoding=\"async\" class=\"alignnone size-medium wp-image-3978\" src=\"https:\/\/symposium.ca-institute.com\/wp-content\/uploads\/zzh_s_MUNI_16-300x143.png\" alt=\"\" width=\"300\" height=\"143\" srcset=\"https:\/\/symposium.ca-institute.com\/wp-content\/uploads\/zzh_s_MUNI_16-300x143.png 300w, https:\/\/symposium.ca-institute.com\/wp-content\/uploads\/zzh_s_MUNI_16.png 700w\" sizes=\"auto, (max-width: 300px) 100vw, 300px\" \/>&nbsp;&nbsp;<a href=\"https:\/\/www.cjv.muni.cz\/en\/\"><img loading=\"lazy\" decoding=\"async\" class=\"alignnone wp-image-3545 size-medium\" src=\"https:\/\/symposium.ca-institute.com\/wp-content\/uploads\/CJV-lg-cze-text-rgb-1-300x132.png\" alt=\"\" width=\"300\" height=\"132\" srcset=\"https:\/\/symposium.ca-institute.com\/wp-content\/uploads\/CJV-lg-cze-text-rgb-1-300x132.png 300w, https:\/\/symposium.ca-institute.com\/wp-content\/uploads\/CJV-lg-cze-text-rgb-1-768x338.png 768w, https:\/\/symposium.ca-institute.com\/wp-content\/uploads\/CJV-lg-cze-text-rgb-1-1024x451.png 1024w, https:\/\/symposium.ca-institute.com\/wp-content\/uploads\/CJV-lg-cze-text-rgb-1-770x340.png 770w, https:\/\/symposium.ca-institute.com\/wp-content\/uploads\/CJV-lg-cze-text-rgb-1.png 1566w\" sizes=\"auto, (max-width: 300px) 100vw, 300px\" \/><\/a>&nbsp;<\/strong><\/p>\n<p><strong>Sponsors and Partners:<\/strong><\/p>\n<p><img loading=\"lazy\" decoding=\"async\" class=\"alignnone wp-image-200 size-thumbnail\" src=\"https:\/\/symposium.ca-institute.com\/wp-content\/uploads\/logo-symposium-platium-150x150.png\" alt=\"logo-symposium-platium\" width=\"150\" height=\"150\" srcset=\"https:\/\/symposium.ca-institute.com\/wp-content\/uploads\/logo-symposium-platium-150x150.png 150w, https:\/\/symposium.ca-institute.com\/wp-content\/uploads\/logo-symposium-platium-300x298.png 300w, https:\/\/symposium.ca-institute.com\/wp-content\/uploads\/logo-symposium-platium.png 662w\" sizes=\"auto, (max-width: 150px) 100vw, 150px\" \/><\/p>\n<p>&nbsp;&nbsp; <img loading=\"lazy\" decoding=\"async\" class=\"alignnone wp-image-2151 size-full\" src=\"https:\/\/symposium.ca-institute.com\/wp-content\/uploads\/logo_idrac-1.png\" alt=\"\" width=\"116\" height=\"48\">&nbsp; &nbsp;<a href=\"https:\/\/www.brno.cz\/\"><img loading=\"lazy\" decoding=\"async\" class=\"alignnone wp-image-794 size-full\" src=\"https:\/\/symposium.ca-institute.com\/wp-content\/uploads\/brno-logo-symposium.png\" alt=\"Brno - ofici\u00e1ln\u00ed web statut\u00e1rn\u00edho m\u011bsta Brna\" width=\"135\" height=\"61\"><\/a>&nbsp; &nbsp;<a href=\"http:\/\/www.ticbrno.cz\"><img loading=\"lazy\" decoding=\"async\" class=\"alignnone wp-image-1679 size-full\" src=\"https:\/\/symposium.ca-institute.com\/wp-content\/uploads\/TIC_BRNO-zkratka-black.png\" alt=\"\" width=\"269\" height=\"61\"><\/a> &nbsp;<a href=\"http:\/\/www.jihovychod.cz\/en\"><img loading=\"lazy\" decoding=\"async\" class=\"alignnone wp-image-3987 size-medium\" src=\"https:\/\/symposium.ca-institute.com\/wp-content\/uploads\/jmk_logo_rgb-300x72.png\" alt=\"\" width=\"300\" height=\"72\" srcset=\"https:\/\/symposium.ca-institute.com\/wp-content\/uploads\/jmk_logo_rgb-300x72.png 300w, https:\/\/symposium.ca-institute.com\/wp-content\/uploads\/jmk_logo_rgb-768x184.png 768w, https:\/\/symposium.ca-institute.com\/wp-content\/uploads\/jmk_logo_rgb.png 800w\" sizes=\"auto, (max-width: 300px) 100vw, 300px\" \/><\/a><\/p>\n<p><img loading=\"lazy\" decoding=\"async\" class=\"alignnone wp-image-201 size-thumbnail\" src=\"https:\/\/symposium.ca-institute.com\/wp-content\/uploads\/logo-symposium-gold-icon-150x150.png\" alt=\"logo-symposium-gold-icon\" width=\"150\" height=\"150\" srcset=\"https:\/\/symposium.ca-institute.com\/wp-content\/uploads\/logo-symposium-gold-icon-150x150.png 150w, https:\/\/symposium.ca-institute.com\/wp-content\/uploads\/logo-symposium-gold-icon-300x298.png 300w, https:\/\/symposium.ca-institute.com\/wp-content\/uploads\/logo-symposium-gold-icon.png 662w\" sizes=\"auto, (max-width: 150px) 100vw, 150px\" \/><\/p>\n<p><a href=\"http:\/\/www.mooveez.com\/en\/\"><img loading=\"lazy\" decoding=\"async\" class=\"alignnone wp-image-3620 size-full\" src=\"https:\/\/symposium.ca-institute.com\/wp-content\/uploads\/mooveez-61.png\" alt=\"\" width=\"165\" height=\"61\"><\/a><\/p>\n<p><img loading=\"lazy\" decoding=\"async\" class=\"alignnone wp-image-218 size-thumbnail\" src=\"https:\/\/symposium.ca-institute.com\/wp-content\/uploads\/logo-symposium-partner-150x150.png\" alt=\"logo-symposium-partner\" width=\"150\" height=\"150\" srcset=\"https:\/\/symposium.ca-institute.com\/wp-content\/uploads\/logo-symposium-partner-150x150.png 150w, https:\/\/symposium.ca-institute.com\/wp-content\/uploads\/logo-symposium-partner-300x298.png 300w, https:\/\/symposium.ca-institute.com\/wp-content\/uploads\/logo-symposium-partner.png 662w\" sizes=\"auto, (max-width: 150px) 100vw, 150px\" \/><\/p>\n<p>&nbsp; &nbsp; &nbsp; <a href=\"www.nile-elt.com\" target=\"_blank\" rel=\"noopener noreferrer\"><img loading=\"lazy\" decoding=\"async\" class=\"alignnone wp-image-811 size-full\" src=\"https:\/\/symposium.ca-institute.com\/wp-content\/uploads\/NILE_logo_PMS-1.png\" alt=\"Welcome to www.nile-elt.com\" width=\"79\" height=\"61\"><\/a> <a href=\"http:\/\/www.euroexam.org\" target=\"_blank\" rel=\"noopener noreferrer\"><img loading=\"lazy\" decoding=\"async\" class=\"alignnone wp-image-1461 size-full\" src=\"https:\/\/symposium.ca-institute.com\/wp-content\/uploads\/EuroExam-INTERNATIONALE-LOGO.png\" alt=\"\" width=\"151\" height=\"65\" srcset=\"https:\/\/symposium.ca-institute.com\/wp-content\/uploads\/EuroExam-INTERNATIONALE-LOGO.png 151w, https:\/\/symposium.ca-institute.com\/wp-content\/uploads\/EuroExam-INTERNATIONALE-LOGO-150x65.png 150w\" sizes=\"auto, (max-width: 151px) 100vw, 151px\" \/><\/a>&nbsp;<a href=\"http:\/\/www.etsglobal.org\/Cz\/Cze\" target=\"_blank\" rel=\"noopener noreferrer\"><img loading=\"lazy\" decoding=\"async\" class=\"alignnone wp-image-1011 size-full\" src=\"https:\/\/symposium.ca-institute.com\/wp-content\/uploads\/ETS-Global.png\" alt=\"\" width=\"349\" height=\"61\" srcset=\"https:\/\/symposium.ca-institute.com\/wp-content\/uploads\/ETS-Global.png 349w, https:\/\/symposium.ca-institute.com\/wp-content\/uploads\/ETS-Global-300x52.png 300w\" sizes=\"auto, (max-width: 349px) 100vw, 349px\" \/>&nbsp;&nbsp;<\/a><a href=\"http:\/\/www.etsglobal.org\/Cz\/Cze\" target=\"_blank\" rel=\"noopener noreferrer\">&nbsp;<\/a><a href=\"https:\/\/edubears.com\"><img loading=\"lazy\" decoding=\"async\" class=\"alignnone wp-image-3537 size-full\" src=\"https:\/\/symposium.ca-institute.com\/wp-content\/uploads\/edu-bears-logo-pole-ochronne-e1557760394103.png\" alt=\"\" width=\"113\" height=\"61\"><\/a>&nbsp; &nbsp; &nbsp;<\/p>\n<p><img loading=\"lazy\" decoding=\"async\" class=\"alignnone wp-image-219 size-thumbnail\" src=\"https:\/\/symposium.ca-institute.com\/wp-content\/uploads\/logo-symposium-silver-150x150.png\" alt=\"logo-symposium-silver\" width=\"150\" height=\"150\" srcset=\"https:\/\/symposium.ca-institute.com\/wp-content\/uploads\/logo-symposium-silver-150x150.png 150w, https:\/\/symposium.ca-institute.com\/wp-content\/uploads\/logo-symposium-silver-300x298.png 300w, https:\/\/symposium.ca-institute.com\/wp-content\/uploads\/logo-symposium-silver.png 662w\" sizes=\"auto, (max-width: 150px) 100vw, 150px\" \/><\/p>\n<p><a href=\"http:\/\/www.brno-stred.cz\" target=\"_blank\" rel=\"noopener noreferrer\"><img loading=\"lazy\" decoding=\"async\" class=\"alignnone wp-image-2101 size-full\" src=\"https:\/\/symposium.ca-institute.com\/wp-content\/uploads\/brno-stred-3.png\" alt=\"\" width=\"146\" height=\"61\"> <\/a><a href=\"https:\/\/www.eaquals.org\/\"><img loading=\"lazy\" decoding=\"async\" class=\"alignnone wp-image-789 size-full\" src=\"https:\/\/symposium.ca-institute.com\/wp-content\/uploads\/Eaquals-Small-symposium.png\" alt=\"Excellence in Language Education, Eaquals\" width=\"116\" height=\"61\"><\/a><\/p>\n<p><strong>&nbsp; &nbsp;<\/strong>&nbsp;&nbsp;&nbsp;&nbsp;<\/p>\n<p><strong>Advertising:<\/strong><\/p>\n<p><img loading=\"lazy\" decoding=\"async\" class=\"alignnone wp-image-220 size-thumbnail\" src=\"https:\/\/symposium.ca-institute.com\/wp-content\/uploads\/logo-symposium-adver-1-150x150.png\" alt=\"logo-symposium-adver\" width=\"150\" height=\"150\" srcset=\"https:\/\/symposium.ca-institute.com\/wp-content\/uploads\/logo-symposium-adver-1-150x150.png 150w, https:\/\/symposium.ca-institute.com\/wp-content\/uploads\/logo-symposium-adver-1-300x298.png 300w, https:\/\/symposium.ca-institute.com\/wp-content\/uploads\/logo-symposium-adver-1.png 662w\" sizes=\"auto, (max-width: 150px) 100vw, 150px\" \/><\/p>\n<p>&nbsp; &nbsp;<a href=\"https:\/\/transformelt.com\"><img loading=\"lazy\" decoding=\"async\" class=\"alignnone wp-image-3668 size-medium\" src=\"https:\/\/symposium.ca-institute.com\/wp-content\/uploads\/TransformELT-logo-FINAL-300x40.png\" alt=\"\" width=\"300\" height=\"40\" srcset=\"https:\/\/symposium.ca-institute.com\/wp-content\/uploads\/TransformELT-logo-FINAL-300x40.png 300w, https:\/\/symposium.ca-institute.com\/wp-content\/uploads\/TransformELT-logo-FINAL-768x102.png 768w, https:\/\/symposium.ca-institute.com\/wp-content\/uploads\/TransformELT-logo-FINAL.png 900w\" sizes=\"auto, (max-width: 300px) 100vw, 300px\" \/><\/a>&nbsp;<a href=\"http:\/\/www.asociacejs.cz\/\"><img loading=\"lazy\" decoding=\"async\" class=\"alignnone wp-image-813 size-full\" src=\"https:\/\/symposium.ca-institute.com\/wp-content\/uploads\/AJS_logo-symposium.png\" alt=\"V\u00edtejte na str\u00e1nk\u00e1ch Asociace jazykov\u00fdch \u0161kol | Asociace jazykov\u00fdch \u0161kol\" width=\"61\" height=\"61\"><\/a>&nbsp;<img loading=\"lazy\" decoding=\"async\" class=\"alignnone wp-image-3792 \" src=\"https:\/\/symposium.ca-institute.com\/wp-content\/uploads\/Elsner_bistro_mail-e1557989990629.jpg\" alt=\"\" width=\"89\" height=\"62\"><a href=\"http:\/\/www.etsglobal.org\/Cz\/Cze\" target=\"_blank\" rel=\"noopener noreferrer\">&nbsp;&nbsp;<img loading=\"lazy\" decoding=\"async\" class=\"alignnone wp-image-1011 size-full\" src=\"https:\/\/symposium.ca-institute.com\/wp-content\/uploads\/ETS-Global.png\" alt=\"\" width=\"349\" height=\"61\" srcset=\"https:\/\/symposium.ca-institute.com\/wp-content\/uploads\/ETS-Global.png 349w, https:\/\/symposium.ca-institute.com\/wp-content\/uploads\/ETS-Global-300x52.png 300w\" sizes=\"auto, (max-width: 349px) 100vw, 349px\" \/><\/a>&nbsp;&nbsp;<img loading=\"lazy\" decoding=\"async\" class=\"alignnone wp-image-3833 size-full\" src=\"https:\/\/symposium.ca-institute.com\/wp-content\/uploads\/ALBERT_kocovny_pivovar-page-001-e1558706182597.jpg\" alt=\"\" width=\"141\" height=\"62\"><img loading=\"lazy\" decoding=\"async\" class=\"alignnone wp-image-2076 size-full\" src=\"https:\/\/symposium.ca-institute.com\/wp-content\/uploads\/Versatile_Logo9_transparent-1.png\" alt=\"\" width=\"420\" height=\"61\" srcset=\"https:\/\/symposium.ca-institute.com\/wp-content\/uploads\/Versatile_Logo9_transparent-1.png 420w, https:\/\/symposium.ca-institute.com\/wp-content\/uploads\/Versatile_Logo9_transparent-1-300x44.png 300w\" sizes=\"auto, (max-width: 420px) 100vw, 420px\" \/>&nbsp; <a href=\"https:\/\/teflequityadvocates.com\"><img loading=\"lazy\" decoding=\"async\" class=\"alignnone wp-image-1087 size-full\" src=\"https:\/\/symposium.ca-institute.com\/wp-content\/uploads\/Equity-Logo-Colour-png.png\" alt=\"\" width=\"138\" height=\"61\"><\/a>&nbsp;&nbsp;&nbsp;&nbsp;<img loading=\"lazy\" decoding=\"async\" class=\"alignnone wp-image-2159 size-full\" src=\"https:\/\/symposium.ca-institute.com\/wp-content\/uploads\/vepak-paralelni-loga-2.png\" alt=\"\" width=\"258\" height=\"61\">&nbsp; <a href=\"https:\/\/www.mycat.cz\/\"><img loading=\"lazy\" decoding=\"async\" class=\"alignnone size-full wp-image-3698\" src=\"https:\/\/symposium.ca-institute.com\/wp-content\/uploads\/logo-mycat_RGB-web.png\" alt=\"\" width=\"95\" height=\"65\"><\/a>[\/vc_column_text][\/vc_column][\/vc_row][vc_row][vc_column][vc_video link=&#8221;https:\/\/youtu.be\/NbynhzfTJdM&#8221; el_aspect=&#8221;43&#8243;][vc_single_image image=&#8221;4035&#8243; img_size=&#8221;large&#8221;][\/vc_column][\/vc_row]<\/p>\n","protected":false},"excerpt":{"rendered":"<p>[vc_row][vc_column][vc_column_text]Hosted and organized by: &nbsp;&nbsp;&nbsp;&nbsp; Sponsors and Partners: &nbsp;&nbsp; &nbsp; &nbsp;&nbsp; &nbsp; &nbsp; &nbsp; &nbsp; &nbsp; &nbsp;&nbsp;&nbsp;&nbsp;&nbsp; &nbsp; &nbsp; &nbsp; &nbsp;&nbsp;&nbsp;&nbsp;&nbsp; Advertising: &nbsp; &nbsp;&nbsp;&nbsp;&nbsp;&nbsp;&nbsp;&nbsp;&nbsp; &nbsp;&nbsp;&nbsp;&nbsp;&nbsp; [\/vc_column_text][\/vc_column][\/vc_row][vc_row][vc_column][vc_video link=&#8221;https:\/\/youtu.be\/NbynhzfTJdM&#8221; el_aspect=&#8221;43&#8243;][vc_single_image image=&#8221;4035&#8243; img_size=&#8221;large&#8221;][\/vc_column][\/vc_row]<\/p>\n","protected":false},"author":2,"featured_media":0,"parent":0,"menu_order":0,"comment_status":"closed","ping_status":"closed","template":"","meta":{"ngg_post_thumbnail":0,"footnotes":""},"class_list":["post-15","page","type-page","status-publish","hentry"],"_links":{"self":[{"href":"https:\/\/symposium.ca-institute.com\/index.php\/wp-json\/wp\/v2\/pages\/15","targetHints":{"allow":["GET"]}}],"collection":[{"href":"https:\/\/symposium.ca-institute.com\/index.php\/wp-json\/wp\/v2\/pages"}],"about":[{"href":"https:\/\/symposium.ca-institute.com\/index.php\/wp-json\/wp\/v2\/types\/page"}],"author":[{"embeddable":true,"href":"https:\/\/symposium.ca-institute.com\/index.php\/wp-json\/wp\/v2\/users\/2"}],"replies":[{"embeddable":true,"href":"https:\/\/symposium.ca-institute.com\/index.php\/wp-json\/wp\/v2\/comments?post=15"}],"version-history":[{"count":120,"href":"https:\/\/symposium.ca-institute.com\/index.php\/wp-json\/wp\/v2\/pages\/15\/revisions"}],"predecessor-version":[{"id":4036,"href":"https:\/\/symposium.ca-institute.com\/index.php\/wp-json\/wp\/v2\/pages\/15\/revisions\/4036"}],"wp:attachment":[{"href":"https:\/\/symposium.ca-institute.com\/index.php\/wp-json\/wp\/v2\/media?parent=15"}],"curies":[{"name":"wp","href":"https:\/\/api.w.org\/{rel}","templated":true}]}}