{"id":3704,"date":"2019-04-18T12:05:08","date_gmt":"2019-04-18T12:05:08","guid":{"rendered":"https:\/\/symposium.ca-institute.com\/?page_id=3704"},"modified":"2019-06-08T07:23:14","modified_gmt":"2019-06-08T07:23:14","slug":"program-2019","status":"publish","type":"page","link":"https:\/\/symposium.ca-institute.com\/index.php\/program-2019\/","title":{"rendered":"Program 2019"},"content":{"rendered":"<p>[vc_row][vc_column][vc_column_text]<div class=\"dark\"><div class=\"block-title\"><h1>Program<\/h1><\/div><\/div>[\/vc_column_text][\/vc_column][\/vc_row][vc_row][vc_column el_class=&#8221;programWrapper&#8221;][vc_column_text el_class=&#8221;registrationInfoExhibition&#8221;]<\/p>\n<h4>Registration\/Info\/Exhibition<\/h4>\n<ul style=\"list-style-type: square;\">\n<li class=\"oddLi\">Wednesday, June 5 <strong>9:00am &#8211; 5:30pm (CA Institute)<\/strong><\/li>\n<li class=\"oddLi\">Thursday, June 6&nbsp;<strong>8:00am\u20135:30pm (FSS Entrance Hall)<\/strong><\/li>\n<li>Friday, June 7&nbsp;<strong>8:00am\u20136:30pm (FSS Entrance Hall)<\/strong><\/li>\n<li class=\"oddLi\">Saturday, June 8&nbsp;<strong>8:00am\u20135:30pm (FSS Entrance Hall)<\/strong><\/li>\n<\/ul>\n<p>[\/vc_column_text][vc_column_text el_class=&#8221;may312017&#8243;]<\/p>\n<h4><strong><a id=\"31-5-2017\"><\/a>Wednesday, June 5, 2019<\/strong><\/h4>\n<ul style=\"list-style-type: square;\">\n<li><strong>10:00am &#8211; 5:30pm <\/strong>Additional Day of Training &#8211; 1. Corpora in the Language Classroom <strong>(CA Institute)<\/strong><\/li>\n<li class=\"oddLi\"><strong>6:00pm &#8211; 10:00pm&nbsp;<\/strong>Welcome Party. Get warmed up and meet the committee, plenary speakers and the entire CA Institute team. Check out Brno\u2019s top university. <strong>(CA Institute)<\/strong><\/li>\n<\/ul>\n<p>[\/vc_column_text][vc_column_text el_class=&#8221;june12017&#8243;]<\/p>\n<h4><strong><a id=\"1-6-2017\"><\/a>Thursday, June 6, 2019<\/strong><\/h4>\n<ul style=\"list-style-type: square;\">\n<li class=\"oddLi\">&nbsp;<strong>9:00am &#8211; 9:30am (FSS Room P31)&nbsp;<\/strong><em>Symposium Opening <\/em><strong><a href=\"https:\/\/symposium.ca-institute.com\/index.php\/speakers-erik-dostal\/\" target=\"_blank\" rel=\"noopener noreferrer\">Erik Dostal<\/a>&nbsp;&#8211; <\/strong>Convener of ILSB and&nbsp;Founder of <a href=\"http:\/\/www.ca-institute.com\">CA Institute<\/a>&nbsp;&#8211; <strong>Dr.&nbsp;Ad\u00e9la Souralov\u00e1<\/strong> &#8211; Vice Dean for International Cooperation at Masaryk University <strong>&nbsp;&nbsp;<\/strong><\/li>\n<li>&nbsp;<strong>9:30am &#8211; 10:30am (FSS Room P31)&nbsp;<\/strong>Opening<strong>&nbsp;<\/strong><em>Plenary<\/em>&nbsp;<a href=\"https:\/\/symposium.ca-institute.com\/index.php\/speakers-dorothy-zemach-2\/\"><strong>Dorothy Zemach <\/strong><\/a><em>&#8220;The (Dis)Comfort Zone&#8221;&nbsp;<\/em><\/li>\n<li class=\"oddLi\">&nbsp;<strong>10:30am &#8211; 11:00pm (Atrium)&nbsp;<\/strong><em>Coffee Break&nbsp;<\/em><strong>Info &amp; exhibition&nbsp;<\/strong><\/li>\n<li>&nbsp;<strong>11:00am &#8211; 12:00pm (FSS Room P31)&nbsp;<\/strong><em>Plenary <\/em><a href=\"https:\/\/symposium.ca-institute.com\/index.php\/speakers-kristof-hegedus\/\"><strong>Krist\u00f3f HEGED\u0170S <\/strong><\/a>&nbsp;<em>&#8220;Positive washback from an all-academic exam for better prepared first-year university students&#8221;&nbsp;<\/em><\/li>\n<li>&nbsp;<strong>12:00pm &#8211; 1:30pm (Atrium)&nbsp;<\/strong><em>Lunch <\/em><strong>Info &amp; exhibition&nbsp;<\/strong><\/li>\n<li class=\"oddLi\">&nbsp;<strong>1:30pm &#8211; 2:30pm (FSS Room P31) <\/strong><em>Symposium welcome&nbsp;<\/em><strong>Martin Landa&nbsp;&#8211; <\/strong>Vice-Mayor of Brno-st\u0159ed followed by&nbsp;<em>Plenary<\/em>&nbsp;<a href=\"https:\/\/symposium.ca-institute.com\/index.php\/speakers-susan-holden\/\"><strong>Susan Holden <\/strong><\/a><em>&#8220;Teaching Today: Contexts, Priorities and Concerns&#8221;&nbsp;<\/em><\/li>\n<li><strong>&nbsp;2:30pm &#8211; 3:30pm (FSS Room P31)&nbsp;<\/strong><em>Plenary <\/em><a href=\"https:\/\/symposium.ca-institute.com\/index.php\/speakers-chris-farrell\/\"><strong>Chris Farrell <\/strong><\/a>&#8220;<i>Supporting Bottom-Up Teacher Development&#8221;&nbsp;<\/i><\/li>\n<li><strong>&nbsp;3:30pm &#8211; 4:30pm (FSS Room P31)&nbsp;<\/strong><em>Plenary <\/em><a href=\"https:\/\/symposium.ca-institute.com\/index.php\/speakers-duncan-foord\/\"><strong>Duncan Foord <\/strong><\/a><em>&#8220;A Coaching Approach to Teacher Development&#8221;&nbsp;<\/em><\/li>\n<li class=\"oddLi\"><strong>&nbsp;4:30pm &#8211; 5:00pm (Atrium)&nbsp;<\/strong><em>Coffee Break&nbsp;<\/em><strong>Info &amp; exhibition<\/strong><\/li>\n<li><strong>&nbsp;5:00pm &#8211; 6:00pm (FSS Room P31)<\/strong><em>Open mic Panel Discussions &#8211;&nbsp;<\/em>Questions, answers, discussions with the day&#8217;s speakers &#8211; Audience directed questions (Raffle)&nbsp;<\/li>\n<li class=\"oddLi\"><strong>7:30pm &#8211; 10:30pm (meet at FSS at 7:00pm)&nbsp;<\/strong><em>Social event<\/em>&nbsp;<strong>\u0160pilberk Castle &#8211;&nbsp;<a href=\"http:\/\/www.hradnivinarna.cz\/cs\/home\" target=\"_blank\" rel=\"noopener noreferrer\">Hradn\u00ed Restaurant<\/a><\/strong>&nbsp;&#8211; Buffet dinner &#8211; Evening of Czech Cuisine&nbsp;<\/li>\n<\/ul>\n<p>[\/vc_column_text][vc_column_text el_class=&#8221;june22017&#8243;]<\/p>\n<h4><strong><a id=\"2-6-2017\"><\/a>Friday, June 7, 2019<\/strong><\/h4>\n<ul style=\"list-style-type: square;\">\n<li>&nbsp;<strong>9:15am &#8211; 9:30am (FSS Room P31) <\/strong>Intro and welcome: <strong><a href=\"https:\/\/symposium.ca-institute.com\/index.php\/speakers-libor-stepanek\/\">Libor \u0160t\u011bp\u00e1nek<\/a>&nbsp;<\/strong>Director of the Masaryk University Language Centre<\/li>\n<li><strong>9:30am &#8211; 10:30am (FSS Room P31) &nbsp;<\/strong>Opening<strong>&nbsp;<\/strong><em>Plenary<\/em>&nbsp;<a href=\"https:\/\/symposium.ca-institute.com\/index.php\/speakers-thom-kiddle\/\"><strong>Thom Kiddle<\/strong><\/a>&nbsp;<em>&#8220;The Impact Factor in Blended Language Teacher Education&#8221;&nbsp;<\/em><\/li>\n<li class=\"oddLi\">&nbsp;<strong>10:30am &#8211; 11:00am (Atrium)&nbsp;<\/strong><em>Coffee Break&nbsp;<\/em><strong>Info &amp; exhibition&nbsp;<\/strong><\/li>\n<li><strong>&nbsp;11:00am &#8211; 11:30am (FSS Room U32)&nbsp;<\/strong><em>Workshop&nbsp;<\/em><a href=\"https:\/\/symposium.ca-institute.com\/index.php\/speakers-michael-carrier\/\"><strong>Michael Carrier <\/strong><\/a><em>&#8220;Training teachers how to incorporate Cultural Awareness into ELT&#8221;&nbsp;<\/em><\/li>\n<li>&nbsp;<strong>11:00am &#8211; 12:00pm (FSS Room U33)&nbsp;<\/strong><em>Workshop&nbsp;<\/em><a href=\"https:\/\/symposium.ca-institute.com\/index.php\/speakers-dorothy-zemach-2\/\"><strong>Dorothy Zemach <\/strong><\/a><em>&#8220;Let\u2019s Get Visible&#8221;<\/em><strong>&nbsp;<\/strong><\/li>\n<li><strong>&nbsp;11:00am &#8211; 12:00pm (FSS Room U34)&nbsp;<\/strong><em>Workshop&nbsp;<\/em><a href=\"https:\/\/symposium.ca-institute.com\/index.php\/speakers-old-komada\/\"><strong>Ola Komada <\/strong><\/a><em>&#8220;<span lang=\"EN-GB\">Can you do more doing less?&#8221;&nbsp;<\/span><\/em><\/li>\n<li><strong>&nbsp;11:00am &#8211; 12:00pm <\/strong><strong>(FSS Room U43)<\/strong><em>&nbsp;Joint&nbsp;<\/em><em>Workshop&nbsp;<\/em><a href=\"https:\/\/symposium.ca-institute.com\/index.php\/speakers-kinda-dolezi\/\"><strong>Linda Dole\u017e\u00ed <\/strong><\/a>&nbsp;&amp; <strong><a href=\"https:\/\/symposium.ca-institute.com\/index.php\/speakers-alicia-leix\/\">Alicja Leix<\/a><\/strong><em> &#8220;Dealing with memory&#8221;<\/em><\/li>\n<li>&nbsp;<strong>12:00pm &#8211; 1:00pm (Atrium)&nbsp;<\/strong><em>Lunch&nbsp;<\/em><strong><strong>Info &amp; exhibition&nbsp;<\/strong><\/strong><\/li>\n<li>&nbsp;<strong>1:00pm &#8211; 2:00pm (FSS Room P31)&nbsp;<\/strong><em>Plenary&nbsp;<\/em><a href=\"https:\/\/symposium.ca-institute.com\/index.php\/speakers-sergi-martin\/\"><strong>Sergi Martin <\/strong><\/a>&nbsp;<em>&#8220;Embracing YouTube: creative teaching with video&#8221;&nbsp;<\/em><\/li>\n<li><strong>&nbsp;2:00pm &#8211; 3:00pm (FSS Room U33)&nbsp;<\/strong><em>Workshop<\/em><em>&nbsp;<\/em><strong><a href=\"https:\/\/symposium.ca-institute.com\/index.php\/speakers-anjuli-pandavar\/\">Anjuli Pandavar<\/a> <\/strong><em>&#8220;Integrated English as Lingua Franca and English for Internationalisation: Destructive Test&#8221;&nbsp;<\/em><\/li>\n<li><strong><strong>2:00pm &#8211; 3:00pm (FSS Room U34)&nbsp;<\/strong><\/strong><em>Theme-based roundtable led by&nbsp;<\/em><strong><strong><a href=\"https:\/\/symposium.ca-institute.com\/index.php\/speakers-susan-holden\/\">Susan Holden<\/a> \/ <a href=\"https:\/\/symposium.ca-institute.com\/index.php\/speakers-dorothy-zemach-2\/\">Dorothy Zemach <\/a><\/strong><\/strong><em>&#8220;Materials \u2013 From Ideas to Reality &amp; Beyond&#8221;&nbsp;<\/em><\/li>\n<li class=\"oddLi\"><strong>3:00pm &#8211; 3:30pm (Atrium)&nbsp;<\/strong><em>Coffee Break&nbsp;<\/em><strong>Info &amp; exhibition&nbsp;<\/strong><\/li>\n<li><strong>3:30pm &#8211; 4:30pm (FSS Room P31)&nbsp;<\/strong><em>Open mic Panel Discussions &#8211;&nbsp;<\/em>Questions, answers, discussions with the day&#8217;s speakers &#8211; Audience directed questions (Raffle)&nbsp;<\/li>\n<li><strong>7:00pm &#8211; 10:00pm&nbsp;<\/strong><em>Networking Formal Dinner<\/em>&nbsp;<a href=\"http:\/\/www.koishi.cz\"><b>Koishi Restaurant<\/b><\/a>&nbsp;<\/li>\n<\/ul>\n<p>[\/vc_column_text][vc_column_text el_class=&#8221;june32017&#8243;]<\/p>\n<h4><strong><a id=\"3-6-2017\"><\/a>Saturday, June 8, 2019<\/strong><\/h4>\n<ul style=\"list-style-type: square;\">\n<li><strong>9:30am &#8211; 10:30am (FSS Room P31)&nbsp;<\/strong><em>Opening&nbsp;Plenary&nbsp;<\/em><a href=\"https:\/\/symposium.ca-institute.com\/index.php\/speakers-james-thomas\/\"><strong><strong>James Thomas<\/strong><\/strong><\/a> &#8220;<em>We live in an era of \u2026&#8221;&nbsp;<\/em><\/li>\n<li class=\"oddLi\"><strong>10:30am &#8211; 11:00am (<a href=\"http:\/\/www.cafe-mezzanine.cz\">Mezzanine Cafe<\/a>)&nbsp;<\/strong><em>Coffee Break&nbsp;<\/em><strong>Info &amp; exhibition&nbsp;<\/strong><\/li>\n<li><strong>11:00am &#8211; 12:00pm (FSS Room U32)&nbsp;<\/strong><em>Workshop&nbsp;<\/em><a href=\"https:\/\/symposium.ca-institute.com\/index.php\/speakers-sinead-laffan\/\"><strong><strong>Sin\u00e9ad Laffan <\/strong><\/strong><\/a><em>&#8220;A few question and press &#8220;play&#8221; &#8211; isn&#8217;t there more to teaching listening?&#8221;&nbsp;<\/em><\/li>\n<li><strong>11:00am &#8211; 12:00pm (FSS Room U43)&nbsp;<\/strong><em>Workshop&nbsp;<\/em><a href=\"https:\/\/symposium.ca-institute.com\/index.php\/speakers-dave-cleary\/\"><strong><strong>Dave Cleary <\/strong><\/strong><\/a><em>&#8220;Managing Difficult Conversations&#8221;&nbsp;<\/em><\/li>\n<li><strong>11:00am &#8211; 11:30pm (FSS Room U34)&nbsp;<\/strong><em>Workshop&nbsp;<\/em><strong><strong><a href=\"https:\/\/symposium.ca-institute.com\/index.php\/speakers-jean-marguerite-jimenez\/\">Jean Marguerite Jimenez<\/a> \/ <a href=\"https:\/\/symposium.ca-institute.com\/index.php\/speakers-ida-ruffolo\/\">Ida Ruffolo<\/a> <\/strong><\/strong><em>&#8220;Data-driven learning in the ESP classroom: teachers\u2019 and students\u2019 voices&#8221;&nbsp;<\/em><\/li>\n<li><strong>11:00am &#8211; 12:00pm (FSS Room U33)&nbsp;<\/strong><em>Workshop&nbsp;<\/em><strong><strong><a href=\"https:\/\/symposium.ca-institute.com\/index.php\/speakers-iva-baldova\/\">Iva Baldov\u00e1<\/a> \/ <a href=\"https:\/\/symposium.ca-institute.com\/index.php\/speakers-martina-limburg\/\">Martina Limburg <\/a><\/strong><\/strong><em>&#8220;Teaching pronunciation with film&#8221; <\/em>&nbsp;<\/li>\n<li><strong>12:00pm &#8211; 1:00pm (Atrium)&nbsp;<\/strong><em>Lunch <\/em><strong>Info &amp; exhibition&nbsp;<\/strong><\/li>\n<li class=\"oddLi\"><strong>1:00pm &#8211; 2:00pm (FSS Room P31)&nbsp;<\/strong><em>Plenary<\/em>&nbsp;<a href=\"https:\/\/symposium.ca-institute.com\/index.php\/speakers-allen-mackenzie\/\"><strong>Alan Mackenzie<\/strong><\/a>&nbsp; <em>&#8220;Minding the gaps: Global trends in language education and the race to keep up&#8221;&nbsp;<\/em><\/li>\n<li><strong>2:00pm &#8211; 3:00pm (FSS Room U33)<\/strong><em>Workshop <\/em><a href=\"https:\/\/symposium.ca-institute.com\/index.php\/speakers-belinda-allan\/\"><strong>Belinda Allan <\/strong><\/a><em>&#8220;Technology for Teaching Functions&#8221;<\/em><\/li>\n<li><strong>2:00pm &#8211; 3:00pm (FSS Room U34)&nbsp;<\/strong><em>Theme-based roundtable led by&nbsp;<\/em><strong><a href=\"https:\/\/symposium.ca-institute.com\/index.php\/speakers-thom-kiddle\/\">Thom Kiddle<\/a>&nbsp;<\/strong><\/li>\n<li class=\"oddLi\"><strong>3:00pm &#8211; 3:30pm (<a href=\"http:\/\/www.cafe-mezzanine.cz\">Mezzanine Cafe<\/a>)&nbsp;<\/strong><em>Coffee Break&nbsp;<\/em><strong>Info &amp; exhibition&nbsp;<\/strong><\/li>\n<li><strong>3:30pm &#8211; 4:30pm (FSS Room P31)&nbsp;<\/strong><em>Open mic Panel Discussions &#8211;&nbsp;<\/em>Questions, answers, discussions with the day&#8217;s speakers &#8211; Audience directed questions (Raffle)&nbsp;<\/li>\n<li><strong>7:00pm &#8211; 11:00pm Farewell Party at <a href=\"http:\/\/lokal-ucaipla.ambi.cz\/cz\/\">U Caipla Lokal<\/a><\/strong><\/li>\n<\/ul>\n<p>[\/vc_column_text][vc_column_text el_class=&#8221;june42017&#8243;]<\/p>\n<h4><strong><a id=\"4-6-2017\"><\/a>Sunday, June 9, 2019<\/strong><\/h4>\n<ul style=\"list-style-type: square;\">\n<li class=\"oddLi\"><strong>10:00am &#8211; 12:00pm&nbsp;<\/strong>Tour of Brno<strong> (meet at CA Institute)<\/strong><\/li>\n<\/ul>\n<p>[\/vc_column_text][vc_column_text]<strong><em>This is a tentative program and the event organizers reserve the right to make changes when necessary<\/em><\/strong>[\/vc_column_text][\/vc_column][\/vc_row]<\/p>\n","protected":false},"excerpt":{"rendered":"<p>[vc_row][vc_column][vc_column_text][\/vc_column_text][\/vc_column][\/vc_row][vc_row][vc_column el_class=&#8221;programWrapper&#8221;][vc_column_text el_class=&#8221;registrationInfoExhibition&#8221;] Registration\/Info\/Exhibition Wednesday, June 5 9:00am &#8211; 5:30pm (CA Institute) Thursday, June 6&nbsp;8:00am\u20135:30pm (FSS Entrance Hall) Friday, June 7&nbsp;8:00am\u20136:30pm (FSS Entrance Hall) Saturday, June 8&nbsp;8:00am\u20135:30pm (FSS Entrance Hall) <a href='https:\/\/symposium.ca-institute.com\/index.php\/program-2019\/' title='read more!'>&#8230;<\/a><\/p>\n","protected":false},"author":2,"featured_media":0,"parent":0,"menu_order":0,"comment_status":"closed","ping_status":"closed","template":"","meta":{"ngg_post_thumbnail":0,"footnotes":""},"class_list":["post-3704","page","type-page","status-publish","hentry"],"_links":{"self":[{"href":"https:\/\/symposium.ca-institute.com\/index.php\/wp-json\/wp\/v2\/pages\/3704","targetHints":{"allow":["GET"]}}],"collection":[{"href":"https:\/\/symposium.ca-institute.com\/index.php\/wp-json\/wp\/v2\/pages"}],"about":[{"href":"https:\/\/symposium.ca-institute.com\/index.php\/wp-json\/wp\/v2\/types\/page"}],"author":[{"embeddable":true,"href":"https:\/\/symposium.ca-institute.com\/index.php\/wp-json\/wp\/v2\/users\/2"}],"replies":[{"embeddable":true,"href":"https:\/\/symposium.ca-institute.com\/index.php\/wp-json\/wp\/v2\/comments?post=3704"}],"version-history":[{"count":88,"href":"https:\/\/symposium.ca-institute.com\/index.php\/wp-json\/wp\/v2\/pages\/3704\/revisions"}],"predecessor-version":[{"id":4034,"href":"https:\/\/symposium.ca-institute.com\/index.php\/wp-json\/wp\/v2\/pages\/3704\/revisions\/4034"}],"wp:attachment":[{"href":"https:\/\/symposium.ca-institute.com\/index.php\/wp-json\/wp\/v2\/media?parent=3704"}],"curies":[{"name":"wp","href":"https:\/\/api.w.org\/{rel}","templated":true}]}}