{"id":782,"date":"2017-01-16T05:11:30","date_gmt":"2017-01-16T05:11:30","guid":{"rendered":"http:\/\/symposium2017.ca-institute.com\/?page_id=782"},"modified":"2017-02-04T05:37:55","modified_gmt":"2017-02-04T05:37:55","slug":"getting-to-brno","status":"publish","type":"page","link":"https:\/\/symposium.ca-institute.com\/index.php\/getting-to-brno\/","title":{"rendered":"Getting to Brno"},"content":{"rendered":"<p class=\"gmail-p1\">Getting to Brno<\/p>\n<p class=\"gmail-p1\">Lying between three European capitals, Prague, Bratislava and Vienna, travel to Brno is very straightforward.<\/p>\n<p class=\"gmail-p1\">If the following direct flights to Brno are not suitable, see below for information about getting to Brno from our neighboring capital cities.<\/p>\n<p class=\"gmail-p2\"><b>NEW Direct flights to Brno will be announced on February 15th:<\/b><\/p>\n<p class=\"gmail-p2\">Brno\/Heathrow<\/p>\n<p class=\"gmail-p2\">Brno\/Amsterdam<\/p>\n<p class=\"gmail-p2\">Brno\/Paris<\/p>\n<p class=\"gmail-p2\">Brno\/Rome<\/p>\n<p class=\"gmail-p2\">Brno\/Barcelona<\/p>\n<p class=\"gmail-p2\"><b>Direct flights with BMI\u00a0<\/b><\/p>\n<p class=\"gmail-p3\"><a href=\"https:\/\/www.flybmi.com\/\">https:\/\/www.flybmi.com\/<\/a><\/p>\n<p class=\"gmail-p1\">Direct flights &#8211; Brno\/Munich<\/p>\n<p class=\"gmail-p1\">Munich is their hub with connections all over the world.<\/p>\n<p class=\"gmail-p2\">Direct flights &#8211; Brno\/Rotterdam<\/p>\n<p class=\"gmail-p1\"><b>Wizzair<\/b><\/p>\n<p class=\"gmail-p1\">Direct flights Luton &#8211; Brno<\/p>\n<p class=\"gmail-p1\">Direct flights Eindhoven &#8211; Brno<\/p>\n<p class=\"gmail-p1\"><b>Ryanair<\/b><\/p>\n<p class=\"gmail-p1\">Direct flights Stansted Brno<\/p>\n<p class=\"gmail-p1\"><b>Bratislava<\/b>\u00a0is a Ryanair hub: flights from Belgium, France, Germany, Greece, Ireland, Israel, Italy, Serbia, Spain, UK.<\/p>\n<p class=\"gmail-p1\">Direct bus from Bratislava airport to the main station and regular trains to Brno. Direct trains take c. 90 mins &#8211; much cheaper than train from Vienna.<\/p>\n<p class=\"gmail-p2\"><b>Vienna<\/b><\/p>\n<p class=\"gmail-p1\">Train from airport, change at the new main station &#8211; Weiner Hautbahnhof. Regular trains to Brno, c.90 mins.<\/p>\n<p class=\"gmail-p2\"><b>Prague<\/b><\/p>\n<p class=\"gmail-p1\">Airport bus to main station &#8211; Hlavn\u00ed n\u00e1dra\u017ei. Direct trains all day (not all night) c. 2.5 hrs.<\/p>\n<p class=\"gmail-p1\">For train information and buying tickets online, see the Czech Railways site:\u00a0<a href=\"https:\/\/www.cd.cz\/eshop\/default.aspx\"><span class=\"gmail-s1\">https:\/\/www.cd.cz\/eshop\/default.aspx<\/span><\/a><\/p>\n","protected":false},"excerpt":{"rendered":"<p>Getting to Brno Lying between three European capitals, Prague, Bratislava and Vienna, travel to Brno is very straightforward. If the following direct flights to Brno are not suitable, see below <a href='https:\/\/symposium.ca-institute.com\/index.php\/getting-to-brno\/' title='read more!'>&#8230;<\/a><\/p>\n","protected":false},"author":2,"featured_media":0,"parent":0,"menu_order":0,"comment_status":"closed","ping_status":"closed","template":"","meta":{"ngg_post_thumbnail":0,"footnotes":""},"class_list":["post-782","page","type-page","status-publish","hentry"],"_links":{"self":[{"href":"https:\/\/symposium.ca-institute.com\/index.php\/wp-json\/wp\/v2\/pages\/782","targetHints":{"allow":["GET"]}}],"collection":[{"href":"https:\/\/symposium.ca-institute.com\/index.php\/wp-json\/wp\/v2\/pages"}],"about":[{"href":"https:\/\/symposium.ca-institute.com\/index.php\/wp-json\/wp\/v2\/types\/page"}],"author":[{"embeddable":true,"href":"https:\/\/symposium.ca-institute.com\/index.php\/wp-json\/wp\/v2\/users\/2"}],"replies":[{"embeddable":true,"href":"https:\/\/symposium.ca-institute.com\/index.php\/wp-json\/wp\/v2\/comments?post=782"}],"version-history":[{"count":4,"href":"https:\/\/symposium.ca-institute.com\/index.php\/wp-json\/wp\/v2\/pages\/782\/revisions"}],"predecessor-version":[{"id":901,"href":"https:\/\/symposium.ca-institute.com\/index.php\/wp-json\/wp\/v2\/pages\/782\/revisions\/901"}],"wp:attachment":[{"href":"https:\/\/symposium.ca-institute.com\/index.php\/wp-json\/wp\/v2\/media?parent=782"}],"curies":[{"name":"wp","href":"https:\/\/api.w.org\/{rel}","templated":true}]}}